023. Calculate q(-82).
-3
Let y(n) = 2*n**2 + 75*n + 173. Determine y(-40).
373
Let c(k) = -483*k + 850. What is c(2)?
-116
Let w(k) = 28*k + 1191. What is w(-14)?
799
Let p(k) = -2*k**2 + 29*k - 90. What is p(10)?
0
Let j(w) = 425*w + 8925. Give j(-21).
0
Let n(g) = 25*g + 272. What is n(-10)?
22
Let x(q) = -3*q**3 - 103*q**2 + 64*q - 207. Determine x(-35).
3
Let m(g) = -2*g**2 - 113*g - 103. Determine m(-57).
-160
Let q(g) = -61*g - 46. Calculate q(4).
-290
Let h(y) = y**3 - 51*y**2 + 111*y - 31. Give h(2).
-5
Let f(x) = 5*x**3 + 39*x**2 + 126*x + 428. Calculate f(-6).
-4
Let p(v) = -3*v - 41. Calculate p(-18).
13
Let l(q) = -208*q + 1271. Calculate l(6).
23
Let a(d) = 114*d**3 + 2*d**2 + 3*d - 4. Determine a(1).
115
Let d(o) = 35*o + 86. What is d(-2)?
16
Let u(q) = -2*q**2 - q + 588. Determine u(17).
-7
Let o(t) = -2*t**2 + 100*t + 3. Give o(49).
101
Let z(d) = -d**3 - 370*d**2 + 363*d + 8. Calculate z(1).
0
Let q(b) = b**3 + 48*b**2 + 415*b - 620. Give q(-36).
-8
Let k(f) = f + 45. What is k(-46)?
-1
Let z(h) = h**3 - 10*h**2 + 5*h - 121. Give z(11).
55
Let a(p) = 2*p**3 + 4*p**2 - 19*p + 7. Calculate a(4).
123
Let h(n) = n**2 + 18*n - 59. Calculate h(6).
85
Let h(s) = s**2 + 64*s + 10. Determine h(0).
10
Let f(k) = k**2 - 14*k + 45. Determine f(14).
45
Let d(l) = l**3 - 31*l**2 - 142*l + 3521. Calculate d(32).
1
Let b(m) = -m**3 - 7*m**2 + 8*m + 18. Determine b(-6).
-66
Let y(j) = -10*j**3 - 152*j**2 - 30*j + 16. Determine y(-15).
16
Let v(t) = -t**3 + 5*t**2 + 49*t + 8. Determine v(9).
125
Let g(t) = -3*t**2 + 88*t - 605. Determine g(11).
0
Let o(h) = -h**2 + 15*h - 10. Determine o(2).
16
Let j(k) = k**3 - 14*k**2 - 45*k + 839. What is j(12)?
11
Let u(a) = 4*a**3 + 39*a**2 + a + 25. Calculate u(-11).
-591
Let l(a) = -a**2 - 76*a + 674. Give l(-84).
2
Let b(k) = -110*k - 7250. Give b(-66).
10
Let m(f) = -1328*f - 49134. What is m(-37)?
2
Let s(j) = 5*j - 115. What is s(21)?
-10
Let z(i) = -10*i**2 - 53*i + 31. What is z(-10)?
-439
Let b(j) = 14*j + 733. Determine b(-51).
19
Let u(d) = -8*d**3 - 9*d**2 + d + 14. What is u(-3)?
146
Let f(v) = 2*v**2 + 44*v - 189. What is f(4)?
19
Let b(v) = -109*v - 2182. Calculate b(-20).
-2
Let b(x) = -4*x**2 + 24*x + 10. Give b(5).
30
Let z(i) = -2*i**3 + 42*i**2 - 158*i - 6. Determine z(5).
4
Let l(c) = 3*c**3 - 107*c + 16. Determine l(-6).
10
Let t(d) = 2*d**2 - 69*d - 499. What is t(38)?
-233
Let i(w) = -w**3 + 19*w**2 + 3*w + 22. What is i(19)?
79
Let f(i) = -12*i**2 - 255*i - 993. Give f(-16).
15
Let w(d) = 73*d - 504. Determine w(7).
7
Let o(d) = -132*d + 3448. Calculate o(26).
16
Let u(d) = -2*d**2 + d - 227. Calculate u(-15).
-692
Let c(r) = 2*r**2 + 131*r - 821. Determine c(-72).
115
Let q(r) = r**3 + 10*r**2 + 19*r + 25. Give q(-6).
55
Let s(o) = 22*o + 646. Give s(-29).
8
Let f(d) = -2*d**3 + 3*d**2 + 4*d - 26. Give f(6).
-326
Let t(u) = -2792*u**2 - 13957*u + 16. Determine t(-5).
1
Let h(y) = 1169*y + 36260. Give h(-31).
21
Let j(u) = u**3 - 12*u**2 - 200*u + 772. What is j(20)?
-28
Let r(g) = 2*g**2 + 5*g - 601. Calculate r(0).
-601
Let r(j) = -j**3 - 39*j**2 + 192*j + 865. Calculate r(-43).
5
Let d(y) = -3*y**2 + 249*y + 403. What is d(82)?
649
Let y(a) = 39*a + 25. Calculate y(11).
454
Let t(d) = -27*d**3 + 4*d**2 + 76*d + 73. Calculate t(-1).
28
Let q(w) = -w**3 + 47*w**2 + 52*w - 225. Determine q(48).
-33
Let t(h) = -15*h + 794. Determine t(46).
104
Let q(j) = 4*j**3 + 3*j**2 - j + 8. Give q(-4).
-196
Let g(y) = 160*y - 2273. Calculate g(14).
-33
Let l(t) = t**2 - 127*t - 251. What is l(-2)?
7
Let a(j) = -118*j + 21123. Determine a(179).
1
Let d(i) = -i**3 + 36*i**2 - 82*i + 475. What is d(34)?
-1
Let y(q) = -4*q**3 + 13*q**2 + 180*q - 201. Determine y(8).
23
Let w(h) = -h**2 - 129*h + 404. Determine w(-132).
8
Let c(f) = f**3 - 9*f**2 - 361*f + 54. Give c(24).
30
Let m(n) = -2*n**3 + 236*n**2 + 478*n + 272. Determine m(120).
32
Let q(v) = 20*v**3 + 336*v**2 - 85*v - 297. Calculate q(-17).
-8
Let o(x) = -13*x**2 - 5*x - 4. Determine o(4).
-232
Let y(r) = -r**3 + r**2 + 44*r + 1. Give y(8).
-95
Let x(f) = -f**3 + 40*f**2 - 352*f - 317. Determine x(26).
-5
Let g(f) = 1243*f - 21135. Calculate g(17).
-4
Let o(j) = -53*j + 265. Calculate o(14).
-477
Let w(n) = -n**2 - 136*n - 1795. Give w(-15).
20
Let x(f) = f**3 + 23*f**2 + 4*f + 44. Give x(-23).
-48
Let n(g) = g**2 - 8*g - 84. Calculate n(-14).
224
Let m(t) = -t**2 + 962*t - 20677. Determine m(22).
3
Let p(b) = -3*b**3 + 71*b**2 + 21*b + 49. What is p(24)?
-23
Let z(v) = -26*v - 276. Determine z(-11).
10
Let n(q) = 7*q**2 + 34*q + 159. Give n(-6).
207
Let m(i) = -13*i**2 - 138*i + 15. Determine m(-10).
95
Let g(i) = -4*i**3 - 11*i**2 + 3*i - 209. Determine g(-5).
1
Let a(c) = 1627*c + 13029. Determine a(-8).
13
Let k(g) = 4*g**3 + 126*g**2 - 27*g + 1182. Give k(-32).
-2
Let d(z) = z**3 + 2*z**2 - 5*z - 35. What is d(3)?
-5
Let i(w) = -2*w**3 + 435*w**2 - 650*w + 502. Determine i(216).
70
Let f(h) = 3*h**2 - 16*h - 17. Determine f(6).
-5
Let h(z) = -8*z + 235. Determine h(31).
-13
Let c(x) = -14*x**2 - 717*x - 160. What is c(-51)?
-7
Let x(z) = 4*z**2 - 105*z + 107. Calculate x(1).
6
Let h(l) = 95*l**2 - 2563*l - 60. Determine h(27).
-6
Let z(s) = -s**3 - 12*s**2 - 2*s + 49. Give z(-11).
-50
Let s(c) = -c**2 - 925*c - 10069. Give s(-11).
-15
Let x(b) = -134*b + 1526. Calculate x(11).
52
Let l(k) = -68*k - 537. Calculate l(-8).
7
Let b(y) = -10*y - 139. What is b(-13)?
-9
Let u(v) = -v**3 - 15*v**2 - 83*v - 87. Calculate u(-7).
102
Let c(t) = 2*t**2 + 51*t - 594. Calculate c(-34).
-16
Let a(m) = -m**3 + 49*m**2 - 470*m + 81. What is a(36)?
9
Let b(j) = -922*j + 16607. Determine b(18).
11
Let m(c) = 24*c - 206. Determine m(22).
322
Let d(v) = 8*v**3 + 222*v**2 - 54*v + 40. What is d(-28)?
-16
Let r(z) = 4*z**2 - 50*z + 71. What is r(11)?
5
Let u(t) = -2*t + 140. What is u(-27)?
194
Let j(u) = -87*u - 2067. Calculate j(-25).
108
Let m(i) = 2*i**3 - 15*i**2 + 15*i - 69. Calculate m(7).
-13
Let b(j) = -j**2 + 66*j - 824. Calculate b(49).
9
Let i(t) = t**2 + 126*t + 3128. What is i(-34)?
0
Let z(v) = -v**2 - 2*v + 103. Calculate z(-11).
4
Let s(f) = 30*f - 4555. Determine s(152).
5
Let g(o) = -3*o**3 - 57*o**2 - 41*o - 5. Determine g(-19).
774
Let o(n) = 39*n**2 - 1145*n + 33. Determine o(29).
-373
Let i(d) = -d**3 + 10*d**2 + 10*d - 46. Calculate i(11).
-57
Let w(t) = -t**3 + 61*t**2 + 35*t + 1724. Give w(62).
50
Let b(w) = 3*w**3 - 108*w + 217. What is b(2)?
25
Let l(t) = -4*t - 261. Calculate l(-53).
-49
Let n(q) = 88*q**2 + 180*q + 10. Give n(-2).
2
Let a(c) = -51*c + 813. What is a(16)?
-3
Let o(h) = h**3 - 14*h**2 + 25*h - 130. Calculate o(13).
26
Let o(g) = g**3 - 27*g**2 + 54*g + 58. What is o(3)?
4
Let k(j) = -4*j**2 + 3*j + 186. Calculate k(-6).
24
Let c(m) = -2*m**3 + 2*m**2 + 27*m - 4. Calculate c(-4).
48
Let f(m) = -271*m - 1088. Calculate f(-4).
-4
Let c(b) = -83*b**3 - 2*b**2 + 3*b + 3. What is c(0)?
3
Let r(x) = x - 30. Give r(12).
-18
Let k(g) = -1863*g + 24213. Calculate k(13).
-6
Let f(p) = -52*p + 124. Determine f(11).
-448
Let t(p) = -11*p**2 + 34*p - 36. What is t(1)?
-13
Let u(p) = 34*p + 1648. Determine u(-48).
16
Let m(b) = -2*b**2 + 2041*b + 4081. Give m(-2).
-9
Let h(n) = 3*n**3 - 240*n**2 + 233*n + 200. Calculate h(79).
-116
Let k(a) = -47*a**2 - 277*a + 15. Calculate k(-6).
-15
Let n(j) = -j**3 - 54*j**2 - 56*j - 150. Give n(-53).
9
Let g(c) = c**3 - 17*c**2 + 6*c - 100. Give g(17).
2
Let a(z) = -3506*z - 17485. Give a(-5).
45
Let t(h) = h**2 + h - 125. Calculate t(12).
31
Let g(a) = 146*a + 11965. What is g(-82)?
-7
Let i(y) = -2386*y - 19086. Give i(-8).
2
Let s(b) = 947*b - 188446. What is s(199)?
7
Let c(i) = 519*i - 14018. What is c(27)?
-5
Let l(v) = 17*v + 1231. What is l(-72)?
7
Let h(u) = -138*u + 264. Calculate h(2).
-12
Let k(y) = -y**3 - 26*y**2 + 12*y - 62. Determine k(-27).
343
Let n(d) = d**2 + 65*d - 670. Determine n(9).
-4
Let g(j) = j**2 + 26*j - 780. Calculate g(18).
12
Let q(c) = 24*c - 149. Calculate q(6).
-5
Let p(q) = q**3 - 99*q**2 + 437*q - 33213. Give p(98).
9
Let u(t) = -t**3 + 56*t**2 - 155*t - 176. Calculate u(53).
36
Let u(n) = -61*n - 461. Give u(-13).
332
Let v(b) = -56*b**2 - 13552*b + 5. What is v(-242)?
5
Let m(c) = 13*c - 165. Calculate m(15).
30
Let n(t) = -2*t**2 - 45*t + 15